[INFO] cloning repository https://github.com/nagarkamakshi/Rust-Sudoku
[INFO] running `Command { std: "git" "-c" "credential.helper=" "-c" "credential.helper=/workspace/cargo-home/bin/git-credential-null" "clone" "--bare" "https://github.com/nagarkamakshi/Rust-Sudoku" "/workspace/cache/git-repos/https%3A%2F%2Fgithub.com%2Fnagarkamakshi%2FRust-Sudoku", kill_on_drop: false }`
[INFO] [stderr] Cloning into bare repository '/workspace/cache/git-repos/https%3A%2F%2Fgithub.com%2Fnagarkamakshi%2FRust-Sudoku'...
[INFO] running `Command { std: "git" "rev-parse" "HEAD", kill_on_drop: false }`
[INFO] [stdout] 04f175fa57a7c28ee65a9e847f58177f129c7348
[INFO] checking nagarkamakshi/Rust-Sudoku against master#af3c6e733a40e671550e0f0f5aeecaa13772ba56 for pr-74989
[INFO] running `Command { std: "git" "clone" "/workspace/cache/git-repos/https%3A%2F%2Fgithub.com%2Fnagarkamakshi%2FRust-Sudoku" "/workspace/builds/worker-7/source", kill_on_drop: false }`
[INFO] [stderr] Cloning into '/workspace/builds/worker-7/source'...
[INFO] [stderr] done.
[INFO] validating manifest of git repo https://github.com/nagarkamakshi/Rust-Sudoku on toolchain af3c6e733a40e671550e0f0f5aeecaa13772ba56
[INFO] running `Command { std: "/workspace/cargo-home/bin/cargo" "+af3c6e733a40e671550e0f0f5aeecaa13772ba56" "read-manifest" "--manifest-path" "Cargo.toml", kill_on_drop: false }`
[INFO] started tweaking git repo https://github.com/nagarkamakshi/Rust-Sudoku
[INFO] finished tweaking git repo https://github.com/nagarkamakshi/Rust-Sudoku
[INFO] tweaked toml for git repo https://github.com/nagarkamakshi/Rust-Sudoku written to /workspace/builds/worker-7/source/Cargo.toml
[INFO] crate git repo https://github.com/nagarkamakshi/Rust-Sudoku already has a lockfile, it will not be regenerated
[INFO] running `Command { std: "/workspace/cargo-home/bin/cargo" "+af3c6e733a40e671550e0f0f5aeecaa13772ba56" "fetch" "--locked" "--manifest-path" "Cargo.toml", kill_on_drop: false }`
[INFO] [stderr]     Blocking waiting for file lock on package cache
[INFO] [stderr] error: the lock file /workspace/builds/worker-7/source/Cargo.lock needs to be updated but --locked was passed to prevent this
[INFO] [stderr] If you want to try to generate the lock file without accessing the network, use the --offline flag.
[INFO] the lockfile is outdated, regenerating it
[INFO] running `Command { std: "/workspace/cargo-home/bin/cargo" "+af3c6e733a40e671550e0f0f5aeecaa13772ba56" "generate-lockfile" "--manifest-path" "Cargo.toml" "-Zno-index-update", kill_on_drop: false }`
[INFO] [stderr]     Blocking waiting for file lock on package cache
[INFO] running `Command { std: "/workspace/cargo-home/bin/cargo" "+af3c6e733a40e671550e0f0f5aeecaa13772ba56" "fetch" "--locked" "--manifest-path" "Cargo.toml", kill_on_drop: false }`
[INFO] [stderr]     Blocking waiting for file lock on package cache
[INFO] [stderr]     Blocking waiting for file lock on package cache
[INFO] running `Command { std: "docker" "create" "-v" "/var/lib/crater-agent-workspace/builds/worker-7/target:/opt/rustwide/target:rw,Z" "-v" "/var/lib/crater-agent-workspace/builds/worker-7/source:/opt/rustwide/workdir:ro,Z" "-v" "/var/lib/crater-agent-workspace/cargo-home:/opt/rustwide/cargo-home:ro,Z" "-v" "/var/lib/crater-agent-workspace/rustup-home:/opt/rustwide/rustup-home:ro,Z" "-e" "SOURCE_DIR=/opt/rustwide/workdir" "-e" "CARGO_TARGET_DIR=/opt/rustwide/target" "-e" "CARGO_HOME=/opt/rustwide/cargo-home" "-e" "RUSTUP_HOME=/opt/rustwide/rustup-home" "-w" "/opt/rustwide/workdir" "-m" "1610612736" "--user" "0:0" "--network" "none" "rustops/crates-build-env@sha256:d92eaeed33fa75130ca1ee6c8a01d1ffb62bac859dfdfb3450e3e5d1c0146529" "/opt/rustwide/cargo-home/bin/cargo" "+af3c6e733a40e671550e0f0f5aeecaa13772ba56" "metadata" "--no-deps" "--format-version=1", kill_on_drop: false }`
[INFO] [stdout] d49de52389b51396141d8c8f341bcdb8dfac42725e29955ba2cdb5a10d477c0a
[INFO] [stderr] WARNING: Your kernel does not support swap limit capabilities or the cgroup is not mounted. Memory limited without swap.
[INFO] running `Command { std: "docker" "start" "-a" "d49de52389b51396141d8c8f341bcdb8dfac42725e29955ba2cdb5a10d477c0a", kill_on_drop: false }`
[INFO] running `Command { std: "docker" "inspect" "d49de52389b51396141d8c8f341bcdb8dfac42725e29955ba2cdb5a10d477c0a", kill_on_drop: false }`
[INFO] running `Command { std: "docker" "rm" "-f" "d49de52389b51396141d8c8f341bcdb8dfac42725e29955ba2cdb5a10d477c0a", kill_on_drop: false }`
[INFO] [stdout] d49de52389b51396141d8c8f341bcdb8dfac42725e29955ba2cdb5a10d477c0a
[INFO] running `Command { std: "docker" "create" "-v" "/var/lib/crater-agent-workspace/builds/worker-7/target:/opt/rustwide/target:rw,Z" "-v" "/var/lib/crater-agent-workspace/builds/worker-7/source:/opt/rustwide/workdir:ro,Z" "-v" "/var/lib/crater-agent-workspace/cargo-home:/opt/rustwide/cargo-home:ro,Z" "-v" "/var/lib/crater-agent-workspace/rustup-home:/opt/rustwide/rustup-home:ro,Z" "-e" "SOURCE_DIR=/opt/rustwide/workdir" "-e" "CARGO_TARGET_DIR=/opt/rustwide/target" "-e" "CARGO_INCREMENTAL=0" "-e" "RUST_BACKTRACE=full" "-e" "RUSTFLAGS=--cap-lints=forbid" "-e" "CARGO_HOME=/opt/rustwide/cargo-home" "-e" "RUSTUP_HOME=/opt/rustwide/rustup-home" "-w" "/opt/rustwide/workdir" "-m" "1610612736" "--user" "0:0" "--network" "none" "rustops/crates-build-env@sha256:d92eaeed33fa75130ca1ee6c8a01d1ffb62bac859dfdfb3450e3e5d1c0146529" "/opt/rustwide/cargo-home/bin/cargo" "+af3c6e733a40e671550e0f0f5aeecaa13772ba56" "check" "--frozen" "--all" "--all-targets" "--message-format=json", kill_on_drop: false }`
[INFO] [stderr] WARNING: Your kernel does not support swap limit capabilities or the cgroup is not mounted. Memory limited without swap.
[INFO] [stdout] 07f044500dfb2ae02a65646834bd8099b54e4d3994e39e839102f5ed2093df04
[INFO] running `Command { std: "docker" "start" "-a" "07f044500dfb2ae02a65646834bd8099b54e4d3994e39e839102f5ed2093df04", kill_on_drop: false }`
[INFO] [stderr]    Compiling autocfg v1.0.1
[INFO] [stderr]    Compiling libc v0.2.77
[INFO] [stderr]    Compiling xml-rs v0.8.3
[INFO] [stderr]     Checking cfg-if v0.1.10
[INFO] [stderr]    Compiling bitflags v1.2.1
[INFO] [stderr]     Checking lazy_static v1.4.0
[INFO] [stderr]    Compiling log v0.4.11
[INFO] [stderr]    Compiling maybe-uninit v2.0.0
[INFO] [stderr]    Compiling byteorder v1.3.4
[INFO] [stderr]    Compiling khronos_api v3.1.0
[INFO] [stderr]     Checking piston-float v1.0.0
[INFO] [stderr]    Compiling proc-macro2 v1.0.21
[INFO] [stderr]     Checking scopeguard v1.1.0
[INFO] [stderr]    Compiling unicode-xid v0.2.1
[INFO] [stderr]    Compiling libloading v0.6.3
[INFO] [stderr]    Compiling syn v1.0.41
[INFO] [stderr]     Checking rand_core v0.4.2
[INFO] [stderr]    Compiling nix v0.14.1
[INFO] [stderr]    Compiling serde v1.0.116
[INFO] [stderr]    Compiling autocfg v0.1.7
[INFO] [stderr]    Compiling serde_derive v1.0.116
[INFO] [stderr]     Checking void v1.0.2
[INFO] [stderr]    Compiling rayon-core v1.8.0
[INFO] [stderr]    Compiling pkg-config v0.3.18
[INFO] [stderr]    Compiling syn v0.15.44
[INFO] [stderr]     Checking downcast-rs v1.2.0
[INFO] [stderr]     Checking adler32 v1.2.0
[INFO] [stderr]    Compiling cc v1.0.59
[INFO] [stderr]    Compiling num-derive v0.2.5
[INFO] [stderr]     Checking xdg v2.2.0
[INFO] [stderr]     Checking either v1.6.0
[INFO] [stderr]     Checking lzw v0.10.0
[INFO] [stderr]     Checking shader_version v0.3.0
[INFO] [stderr]     Checking piston-graphics_api_version v1.0.0
[INFO] [stderr]     Checking percent-encoding v2.1.0
[INFO] [stderr]     Checking interpolation v0.2.0
[INFO] [stderr]     Checking read_color v1.0.0
[INFO] [stderr]     Checking color_quant v1.0.1
[INFO] [stderr]     Checking unicode-width v0.1.8
[INFO] [stderr]     Checking scoped_threadpool v0.1.9
[INFO] [stderr]     Checking piston-texture v0.6.0
[INFO] [stderr]     Checking fnv v1.0.7
[INFO] [stderr]     Checking piston-texture v0.8.0
[INFO] [stderr]     Checking strsim v0.8.0
[INFO] [stderr]     Checking vec_map v0.8.2
[INFO] [stderr]     Checking piston-shaders_graphics2d v0.3.1
[INFO] [stderr]     Checking ansi_term v0.11.0
[INFO] [stderr]     Checking piston-viewport v1.0.0
[INFO] [stderr]     Checking vecmath v1.0.0
[INFO] [stderr]     Checking lock_api v0.3.4
[INFO] [stderr]     Checking rand_core v0.3.1
[INFO] [stderr]     Checking rand_jitter v0.1.4
[INFO] [stderr]     Checking inflate v0.4.5
[INFO] [stderr]    Compiling num-traits v0.2.12
[INFO] [stderr]    Compiling crossbeam-utils v0.7.2
[INFO] [stderr]    Compiling memoffset v0.5.5
[INFO] [stderr]    Compiling crossbeam-epoch v0.8.2
[INFO] [stderr]    Compiling num-integer v0.1.43
[INFO] [stderr]    Compiling num-iter v0.1.41
[INFO] [stderr]    Compiling rayon v1.4.0
[INFO] [stderr]    Compiling num-rational v0.2.4
[INFO] [stderr]     Checking shader_version v0.7.0
[INFO] [stderr]     Checking gif v0.10.3
[INFO] [stderr]     Checking textwrap v0.11.0
[INFO] [stderr]     Checking rand_isaac v0.1.1
[INFO] [stderr]     Checking rand_xorshift v0.1.1
[INFO] [stderr]     Checking rand_hc v0.1.0
[INFO] [stderr]    Compiling rand_chacha v0.1.1
[INFO] [stderr]    Compiling rand_pcg v0.1.2
[INFO] [stderr]    Compiling rand v0.6.5
[INFO] [stderr]     Checking piston2d-graphics v0.37.0
[INFO] [stderr]    Compiling quote v0.6.13
[INFO] [stderr]    Compiling parking_lot_core v0.6.2
[INFO] [stderr]    Compiling parking_lot v0.9.0
[INFO] [stderr]     Checking dlib v0.4.2
[INFO] [stderr]     Checking smallvec v0.6.13
[INFO] [stderr]    Compiling gl_generator v0.14.0
[INFO] [stderr]    Compiling gl_generator v0.10.0
[INFO] [stderr]    Compiling x11-dl v2.18.5
[INFO] [stderr]    Compiling wayland-scanner v0.21.13
[INFO] [stderr]     Checking wayland-sys v0.21.13
[INFO] [stderr]     Checking stb_truetype v0.3.1
[INFO] [stderr]     Checking deflate v0.7.20
[INFO] [stderr]    Compiling quote v1.0.7
[INFO] [stderr]     Checking crossbeam-channel v0.4.4
[INFO] [stderr]     Checking num_cpus v1.13.0
[INFO] [stderr]     Checking memmap v0.7.0
[INFO] [stderr]     Checking raw-window-handle v0.3.3
[INFO] [stderr]     Checking shared_library v0.1.9
[INFO] [stderr]     Checking atty v0.2.14
[INFO] [stderr]     Checking rand_os v0.1.3
[INFO] [stderr]     Checking crossbeam-deque v0.7.3
[INFO] [stderr]    Compiling gl v0.11.0
[INFO] [stderr]    Compiling libloading v0.5.2
[INFO] [stderr]     Checking osmesa-sys v0.1.2
[INFO] [stderr]     Checking clap v2.33.3
[INFO] [stderr]    Compiling glutin_glx_sys v0.1.7
[INFO] [stderr]    Compiling glutin_egl_sys v0.1.5
[INFO] [stderr]     Checking ordered-float v1.1.0
[INFO] [stderr]     Checking approx v0.3.2
[INFO] [stderr]     Checking line_drawing v0.7.0
[INFO] [stderr]     Checking rusttype v0.8.3
[INFO] [stderr]     Checking png v0.14.1
[INFO] [stderr]     Checking rusttype v0.7.9
[INFO] [stderr]     Checking andrew v0.2.1
[INFO] [stderr]     Checking piston2d-graphics v0.32.0
[INFO] [stderr]    Compiling wayland-client v0.21.13
[INFO] [stderr]    Compiling wayland-protocols v0.21.13
[INFO] [stderr]     Checking wayland-commons v0.21.13
[INFO] [stderr]     Checking jpeg-decoder v0.1.20
[INFO] [stderr]     Checking tiff v0.2.2
[INFO] [stderr]     Checking image v0.21.3
[INFO] [stderr]     Checking piston2d-opengl_graphics v0.62.0
[INFO] [stderr]     Checking smithay-client-toolkit v0.4.6
[INFO] [stderr]     Checking pistoncore-input v0.25.1
[INFO] [stderr]     Checking pistoncore-input v1.0.0
[INFO] [stderr]     Checking winit v0.19.5
[INFO] [stderr]     Checking pistoncore-window v0.38.0
[INFO] [stderr]     Checking pistoncore-event_loop v0.43.0
[INFO] [stderr]     Checking pistoncore-window v0.47.0
[INFO] [stderr]     Checking piston v0.43.0
[INFO] [stderr]     Checking glutin v0.21.2
[INFO] [stderr]     Checking pistoncore-glutin_window v0.66.0
[INFO] [stderr]     Checking sudoku v0.1.0 (/opt/rustwide/workdir)
[INFO] [stdout] error[E0277]: the trait bound `GlutinWindow: BuildFromWindowSettings` is not satisfied
[INFO] [stdout]   --> src/main.rs:29:45
[INFO] [stdout]    |
[INFO] [stdout] 29 |     let mut window: GlutinWindow = settings.build()
[INFO] [stdout]    |                                             ^^^^^ the trait `BuildFromWindowSettings` is not implemented for `GlutinWindow`
[INFO] [stdout] 
[INFO] [stdout] 
[INFO] [stdout] error[E0277]: the trait bound `GlutinWindow: BuildFromWindowSettings` is not satisfied
[INFO] [stdout]   --> src/main.rs:29:45
[INFO] [stdout]    |
[INFO] [stdout] 29 |     let mut window: GlutinWindow = settings.build()
[INFO] [stdout]    |                                             ^^^^^ the trait `BuildFromWindowSettings` is not implemented for `GlutinWindow`
[INFO] [stdout] 
[INFO] [stdout] 
[INFO] [stdout] error[E0277]: the trait bound `GlutinWindow: Window` is not satisfied
[INFO] [stdout]   --> src/main.rs:44:37
[INFO] [stdout]    |
[INFO] [stdout] 44 |     while let Some(e) = events.next(&mut window) {
[INFO] [stdout]    |                                     ^^^^^^^^^^^ the trait `Window` is not implemented for `GlutinWindow`
[INFO] [stdout] 
[INFO] [stdout] 
[INFO] [stdout] error[E0277]: the trait bound `GlutinWindow: Window` is not satisfied
[INFO] [stdout]   --> src/main.rs:44:37
[INFO] [stdout]    |
[INFO] [stdout] 44 |     while let Some(e) = events.next(&mut window) {
[INFO] [stdout]    |                                     ^^^^^^^^^^^ the trait `Window` is not implemented for `GlutinWindow`
[INFO] [stdout] 
[INFO] [stdout] 
[INFO] [stdout] error[E0277]: the trait bound `GlGraphics: Graphics` is not satisfied
[INFO] [stdout]   --> src/main.rs:51:33
[INFO] [stdout]    |
[INFO] [stdout] 51 |                 clear([1.0; 4], g);
[INFO] [stdout]    |                                 ^ the trait `Graphics` is not implemented for `GlGraphics`
[INFO] [stdout]    | 
[INFO] [stdout]   ::: /opt/rustwide/cargo-home/registry/src/github.com-1ecc6299db9ec823/piston2d-graphics-0.37.0/./src/lib.rs:96:14
[INFO] [stdout]    |
[INFO] [stdout] 96 |     where G: Graphics
[INFO] [stdout]    |              -------- required by this bound in `clear`
[INFO] [stdout] 
[INFO] [stdout] 
[INFO] [stdout] error[E0277]: the trait bound `GlGraphics: Graphics` is not satisfied
[INFO] [stdout]   --> src/main.rs:51:33
[INFO] [stdout]    |
[INFO] [stdout] 51 |                 clear([1.0; 4], g);
[INFO] [stdout]    |                                 ^ the trait `Graphics` is not implemented for `GlGraphics`
[INFO] [stdout]    | 
[INFO] [stdout]   ::: /opt/rustwide/cargo-home/registry/src/github.com-1ecc6299db9ec823/piston2d-graphics-0.37.0/./src/lib.rs:96:14
[INFO] [stdout]    |
[INFO] [stdout] 96 |     where G: Graphics
[INFO] [stdout]    |              -------- required by this bound in `clear`
[INFO] [stdout] 
[INFO] [stdout] 
[INFO] [stdout] error[E0308]: mismatched types
[INFO] [stdout]   --> src/main.rs:52:72
[INFO] [stdout]    |
[INFO] [stdout] 52 |                 sudokuboard_view.draw(&sudokuboard_controller, glyphs, &c, g);
[INFO] [stdout]    |                                                                        ^^ expected struct `graphics::Context`, found struct `graphics::context::Context`
[INFO] [stdout]    |
[INFO] [stdout]    = note: expected reference `&graphics::Context`
[INFO] [stdout]               found reference `&graphics::context::Context`
[INFO] [stdout]    = note: perhaps two different versions of crate `graphics` are being used?
[INFO] [stdout] 
[INFO] [stdout] 
[INFO] [stdout] error[E0277]: the trait bound `graphics::glyph_cache::rusttype::GlyphCache<'_, (), Texture>: CharacterCache` is not satisfied
[INFO] [stdout]   --> src/main.rs:52:34
[INFO] [stdout]    |
[INFO] [stdout] 52 |                 sudokuboard_view.draw(&sudokuboard_controller, glyphs, &c, g);
[INFO] [stdout]    |                                  ^^^^ the trait `CharacterCache` is not implemented for `graphics::glyph_cache::rusttype::GlyphCache<'_, (), Texture>`
[INFO] [stdout] 
[INFO] [stdout] 
[INFO] [stdout] error[E0277]: the trait bound `GlGraphics: Graphics` is not satisfied
[INFO] [stdout]   --> src/main.rs:52:76
[INFO] [stdout]    |
[INFO] [stdout] 52 |                 sudokuboard_view.draw(&sudokuboard_controller, glyphs, &c, g);
[INFO] [stdout]    |                                                                            ^ the trait `Graphics` is not implemented for `GlGraphics`
[INFO] [stdout] 
[INFO] [stdout] 
[INFO] [stdout] error: aborting due to 6 previous errors
[INFO] [stdout] 
[INFO] [stdout] 
[INFO] [stdout] Some errors have detailed explanations: E0277, E0308.
[INFO] [stdout] 
[INFO] [stdout] For more information about an error, try `rustc --explain E0277`.
[INFO] [stdout] 
[INFO] [stdout] error[E0308]: mismatched types
[INFO] [stdout]   --> src/main.rs:52:72
[INFO] [stdout]    |
[INFO] [stdout] 52 |                 sudokuboard_view.draw(&sudokuboard_controller, glyphs, &c, g);
[INFO] [stdout]    |                                                                        ^^ expected struct `graphics::Context`, found struct `graphics::context::Context`
[INFO] [stdout]    |
[INFO] [stdout]    = note: expected reference `&graphics::Context`
[INFO] [stdout]               found reference `&graphics::context::Context`
[INFO] [stdout]    = note: perhaps two different versions of crate `graphics` are being used?
[INFO] [stdout] 
[INFO] [stdout] 
[INFO] [stdout] error[E0277]: the trait bound `graphics::glyph_cache::rusttype::GlyphCache<'_, (), Texture>: CharacterCache` is not satisfied
[INFO] [stdout]   --> src/main.rs:52:34
[INFO] [stdout]    |
[INFO] [stdout] 52 |                 sudokuboard_view.draw(&sudokuboard_controller, glyphs, &c, g);
[INFO] [stdout]    |                                  ^^^^ the trait `CharacterCache` is not implemented for `graphics::glyph_cache::rusttype::GlyphCache<'_, (), Texture>`
[INFO] [stdout] 
[INFO] [stdout] 
[INFO] [stdout] error[E0277]: the trait bound `GlGraphics: Graphics` is not satisfied
[INFO] [stdout]   --> src/main.rs:52:76
[INFO] [stdout]    |
[INFO] [stdout] 52 |                 sudokuboard_view.draw(&sudokuboard_controller, glyphs, &c, g);
[INFO] [stdout]    |                                                                            ^ the trait `Graphics` is not implemented for `GlGraphics`
[INFO] [stdout] 
[INFO] [stdout] 
[INFO] [stderr] error: could not compile `sudoku`.
[INFO] [stderr] 
[INFO] [stderr] To learn more, run the command again with --verbose.
[INFO] [stderr] warning: build failed, waiting for other jobs to finish...
[INFO] [stdout] error: aborting due to 6 previous errors
[INFO] [stdout] 
[INFO] [stdout] 
[INFO] [stdout] Some errors have detailed explanations: E0277, E0308.
[INFO] [stdout] 
[INFO] [stdout] For more information about an error, try `rustc --explain E0277`.
[INFO] [stdout] 
[INFO] [stderr] error: build failed
[INFO] running `Command { std: "docker" "inspect" "07f044500dfb2ae02a65646834bd8099b54e4d3994e39e839102f5ed2093df04", kill_on_drop: false }`
[INFO] running `Command { std: "docker" "rm" "-f" "07f044500dfb2ae02a65646834bd8099b54e4d3994e39e839102f5ed2093df04", kill_on_drop: false }`
[INFO] [stdout] 07f044500dfb2ae02a65646834bd8099b54e4d3994e39e839102f5ed2093df04
